10000?
-110011011111111010010
In base 14, what is -36d38c + 1bd?
-36d1ad
In base 3, what is 22002011 - -2211202210?
10010211221
In base 16, what is 1a + 184c6?
184e0
In base 5, what is -2 + 1202323040?
1202323033
In base 16, what is -818b - -27e2?
-59a9
In base 8, what is -12654 + 70542?
55666
In base 3, what is 12 - 1012211022220?
-1012211022201
In base 3, what is 12202200 - 10012111?
2120012
In base 14, what is -d27 - -3440?
2517
In base 16, what is -3 - 2e95e?
-2e961
In base 16, what is 105288 + -5?
105283
In base 11, what is -130a - -5aaa?
47a0
In base 13, what is -9418b574 + 2?
-9418b572
In base 13, what is -427 + 2804?
23aa
In base 6, what is -11 + -1032503452?
-1032503503
In base 11, what is 225034a - 0?
225034a
In base 5, what is -22 - -113210433?
113210411
In base 12, what is 2 + 1413077?
1413079
In base 9, what is 530442 - 13?
530428
In base 3, what is -112102 - 1012110112?
-1012222221
In base 10, what is -1538852 - -2?
-1538850
In base 10, what is -297 - 16015?
-16312
In base 12, what is -257 - -576?
31b
In base 9, what is 38650505 - 17?
38650477
In base 3, what is -110001112000 + -11?
-110001112011
In base 13, what is 3980c + -aa?
39732
In base 16, what is -fc47 + -ee?
-fd35
In base 5, what is 1342224231 + 4?
1342224240
In base 11, what is 4397a4 + 26?
43981a
In base 2, what is -11100101100010010000010 + -100?
-11100101100010010000110
In base 12, what is -4144 - 1662?
-57a6
In base 11, what is 1 - 4410a78?
-4410a77
In base 10, what is 16195992 - 3?
16195989
In base 8, what is -241114 + 14060?
-225034
In base 4, what is 2212223200 + 2003?
2212231203
In base 3, what is -201011 - -2010001?
1101220
In base 12, what is -3 - -1b365a8?
1b365a5
In base 14, what is -279 - -c870?
c5d5
In base 2, what is -1110111010000 + 10110101110?
-1100000100010
In base 15, what is -24 + -a51ed?
-a5222
In base 5, what is 10 + -404143112?
-404143102
In base 11, what is 26002a5 - -5?
26002aa
In base 5, what is 11413412 - 40?
11413322
In base 3, what is -201 - -1100200111010?
1100200110102
In base 4, what is 10013 + -3302232311?
-3302222232
In base 16, what is 72be4 - 53?
72b91
In base 16, what is -23e5 + -363?
-2748
In base 8, what is -7113264 + -335?
-7113621
In base 2, what is 100011000111111000001 + -11?
100011000111110111110
In base 16, what is 399d2 + -365?
3966d
In base 9, what is -1 - 118681315?
-118681316
In base 14, what is -6547 - 227?
-6770
In base 12, what is 1847350 + -3?
1847349
In base 11, what is -4 + 23a6139?
23a6135
In base 16, what is -16f - -750c?
739d
In base 6, what is -5 - 14254310533?
-14254310542
In base 16, what is -9df777 - -9?
-9df76e
In base 2, what is 1010101 + 10111110100010010?
10111110101100111
In base 12, what is 677a1419 - -4?
677a1421
In base 9, what is -420806 + -21?
-420827
In base 4, what is 201322330222 + -112?
201322330110
In base 7, what is -13 + -1414414410?
-1414414423
In base 6, what is 101154531 - -20?
101154551
In base 15, what is -5a0 + 15b4?
1014
In base 2, what is 0 + 1001101111000110111001?
1001101111000110111001
In base 14, what is 4 + d16715?
d16719
In base 8, what is -32 - 222566553?
-222566605
In base 14, what is 4d3 + -64558?
-64065
In base 14, what is -c3 - -31648?
31565
In base 15, what is -1b55 + b989?
9d34
In base 9, what is 1340 - 13246?
-11806
In base 14, what is 826da6 + 1?
826da7
In base 2, what is 11 - 101001111110000111?
-101001111110000100
In base 9, what is -583 + 55204?
54511
In base 8, what is 14047 + -56576?
-42527
In base 8, what is 561476207 + -10?
561476177
In base 6, what is -10345 + 133453?
123104
In base 15, what is 4 + 1b3a2c?
1b3a31
In base 10, what is -23948 - -804?
-23144
In base 12, what is 23a5557 + 5?
23a5560
In base 2, what is -110011111101111101000 + -1001?
-110011111101111110001
In base 13, what is 529879c + -5?
5298797
In base 9, what is 4 + -12511540?
-12511535
In base 15, what is -141 - -63b6?
6275
In base 9, what is 34126 - 35?
34081
In base 13, what is 36 + 527982?
5279b8
In base 10, what is -2 + 121992672?
121992670
In base 14, what is -192d13 + 1d?
-192cd4
In base 3, what is 11221200221 - -2021?
11221210012
In base 12, what is -7 - 4160186?
-4160191
In base 4, what is 101 - -1033032121?
1033032222
In base 15, what is 5 - 88561ca?
-88561c5
In base 9, what is -404 - -13431?
13026
In base 5, what is 1321 - -10312221?
10314042
In base 13, what is -139 + 14cb481?
14cb345
In base 15, what is 126aa4e - -2?
126aa51
In base 8, what is -224 - -13621327?
13621103
In base 6, what is 0 - -235404010?
235404010
In base 11, what is 469520 + -79?
469452
In base 9, what is 3275478 - 4?
3275474
In base 16, what is 3 + 4c6abb?
4c6abe
In base 6, what is -145344120 - -122?
-145343554
In base 3, what is 112002102202200 + -11?
112002102202112
In base 12, what is -807442 + 74?
-80738a
In base 3, what is 112 + -1212102020020002?
-1212102020012120
In base 16, what is 5d7 + 406f?
4646
In base 4, what is -1013 + 111221?
110202
In base 16, what is ddee31 - 5?
ddee2c
In base 15, what is 8b - -199448?
1994d4
In base 16, what is 1923 + -72?
18b1
In base 7, what is -1 + 41610013?
41610012
In base 9, what is -613 + 12766?
12153
In base 5, what is -214212040 + -4?
-214212044
In base 4, what is 311313003020 - 0?
311313003020
In base 3, what is -2001102120220010 + 21?
-2001102120212212
In base 8, what is -5 - 465577375?
-465577402
In base 7, what is -1640350246 - 2?
-1640350251
In base 15, what is 16394cc2 - 3?
16394cbe
In base 11, what is -37799 + 1649?
-36150
In base 7, what is -204 - 16561326?
-16561533
In base 13, what is 7c - 713b89?
-713b0a
In base 8, what is -102 - -41175?
41073
In base 11, what is 1632 + -93571?
-91a3a
In base 9, what is 1 - 23717783?
-23717782
In base 13, what is -5c - 46a17?
-46a76
In base 2, what is 1011100100000110 + -111101010101?
1010100110110001
In base 11, what is 204 + 586508?
586711
In base 8, what is 1 - 1053342443?
-1053342442
In base 15, what is -1d2 + 41589?
413a7
In base 14, what is -b8a + -20101?
-20c8b
In base 16, what is -4 - -1f4b4b?
1f4b47
In base 5, what is -31230034234 + -3?
-31230034242
In base 14, what is 1242148 - -3?
124214b
In base 15, what is 1e5650 - -5?
1e5655
In base 6, what is -435452 + 113021?
-322431
In base 15, what is -9d7266 - -2?
-9d7264
In base 15, what is -179 - 15768?
-158e2
In base 13, what is -101c48 - 16?
-101c61
In base 14, what is -4125 + -1c70?
-5d95
In base 3, what is 1020011 + 12002222211?
12011012222
In base 7, what is -3355545336 - -1?
-3355545335
In base 13, what is 6180 - -a3?
6253
In base 12, what is 29 + -1644204?
-1644197
In base 8, what is -3451661575 - 1?
-3451661576
In base 14, what is -1dc8210 + 9?
-1dc8205
In base 16, what is 1f20e - -526?
1f734
In base 4, what is -121203 - 1333301233?
-2000023102
In base 11, what is -84986 + -718?
-855a3
In base 7, what is -412 + -35650?
-36362
In base 13, what is -a265926 - -10?
-a265916
In base 12, what is 136163 + 7?
13616a
In base 13, what is 1c2488 + 51?
1c2509
In base 2, what is -1110000 + -10011101101100?
-10011111011100
In base 16, what is 20ee7 - -7f?
20f66
In base 3, what is 10011202 + 11021110?
21110012
In base 13, what is -7583 + 47c?
-7104
In base 6, what is -25 - 11125412?
-11125441
In base 16, what is -4a3 - 2675?
-2b18
In base 14, what is -6 - -7b20a?
7b204
In base 3, what is -1202101001001 + -10?
-1202101001011
In base 6, what is -34 - 12122553?
-12123031
In base 11, what is -811 + 5172?
4461
In base 3, what is 1222221120111120010 - 0?
1222221120111120010
In base 9, what is -7834 - 1636?
-10571
In base 3, what is 1 + 12111121000121?
12111121000122
In base 3, what is -10121021112 - -122?
-10121020220
In base 9, what is 1511 - 1111?
400
In base 3, what is 22120 + -2122022001?
-2121222111
In base 12, what is -3563 + 1b32?
-1631
In base 10, what is -57 + -52914?
-52971
In base 6, what is 40 + 215354113?
215354153
In base 11, what is 43358 - a92?
42376
In base 3, what is -1111221202111 + 2?
-1111221202102
In base 3, what is -200012201102 - 20110?
-200012221212
In base 16, what is -5 - cace514?
-cace519
In base 8, what is -207507 - -2011?
-205476
In base 9, what is -15 - 2203328?
-2203344
In base 9, what is -385 + -846743?
-847238
In base 9, what is 1803 - 1703?
100
In base 8, what is 4330647 - -7?
4330656
In base 14, what is 186a - -2?
186c
In base 2, what is -1110101